1
What is 21726 (base 9) in base 13?
675c
What is 503 (base 10) in base 13?
2c9
-857 (base 9) to base 5
-10300
Convert -9a9 (base 15) to base 13.
-cc0
What is -340 (base 7) in base 13?
-106
What is 70b (base 12) in base 10?
1019
Convert 411a (base 16) to base 3.
211212021
10644 (base 10) to base 12
61b0
What is -100466 (base 8) in base 6?
-413050
Convert -100111011 (base 2) to base 11.
-267
Convert 24303 (base 6) to base 16.
def
-3101 (base 8) to base 12
-b15
-7895 (base 15) to base 6
-314205
What is -81b (base 12) in base 14?
-5dd
Convert 338a (base 14) to base 10.
8942
What is 3310 (base 6) in base 16?
2fa
Convert -3240 (base 10) to base 9.
-4400
What is 6a5 (base 12) in base 11?
81a
What is -7094 (base 11) in base 7?
-36315
Convert 2230 (base 10) to base 3.
10001121
Convert -9162 (base 13) to base 5.
-1120042
-12171 (base 10) to base 13
-5703
Convert 5296 (base 11) to base 13.
3258
100110001110 (base 2) to base 11
1924
Convert -23428 (base 9) to base 15.
-498e
Convert 3118 (base 9) to base 2.
100011101101
48b (base 13) to base 12
55b
31222000 (base 4) to base 3
2211201201
-2132203 (base 4) to base 8
-23643
What is 6330 (base 10) in base 12?
37b6
-3454 (base 10) to base 8
-6576
What is -8734 (base 10) in base 3?
-102222111
-3658 (base 10) to base 13
-1885
Convert 1449 (base 11) to base 16.
74c
Convert -964 (base 16) to base 11.
-1896
Convert a238 (base 14) to base 9.
42220
Convert 131312 (base 4) to base 11.
1487
-11110011001101 (base 2) to base 7
-63244
What is d82 (base 14) in base 15?
bc7
Convert -1040 (base 9) to base 12.
-539
-579 (base 15) to base 2
-10011010111
-2001122022 (base 3) to base 13
-15602
What is -11214 (base 7) in base 3?
-10220200
Convert 20131 (base 4) to base 14.
2a9
-36333 (base 7) to base 10
-9432
Convert 1155 (base 7) to base 13.
273
Convert 1b8 (base 13) to base 3.
102212
2102111 (base 3) to base 16
6e8
What is 3827 (base 10) in base 5?
110302
Convert -2010221 (base 3) to base 7.
-4363
-405 (base 8) to base 9
-320
What is -6bc (base 13) in base 9?
-1538
Convert 1001102122 (base 3) to base 15.
621b
700b (base 14) to base 2
100101100010011
What is a6d (base 14) in base 13?
c23
What is -1000111010 (base 2) in base 16?
-23a
Convert -8e7 (base 15) to base 10.
-2017
What is 17651 (base 12) in base 7?
200263
1645 (base 7) to base 2
1010011110
Convert 2698 (base 16) to base 11.
7472
Convert -18269 (base 12) to base 9.
-52820
133244 (base 5) to base 8
12511
452 (base 16) to base 11
916
-1001111111 (base 2) to base 3
-212200
Convert 530 (base 9) to base 8.
660
What is -1bc3 (base 14) in base 13?
-2401
What is -182 (base 16) in base 8?
-602
What is 7422 (base 9) in base 6?
41115
Convert -1376 (base 12) to base 10.
-2250
1232 (base 16) to base 15
15a8
Convert -44 (base 12) to base 6.
-124
-758 (base 10) to base 13
-464
Convert 1030323 (base 4) to base 3.
20202100
Convert 163 (base 12) to base 5.
1334
What is -1001001010010 (base 2) in base 15?
-15ca
Convert -23227 (base 8) to base 10.
-9879
-6ec (base 15) to base 12
-ab0
2a19 (base 11) to base 15
1247
Convert -6651 (base 8) to base 7.
-13124
What is 101100100000101 (base 2) in base 11?
16138
Convert 1101010 (base 2) to base 7.
211
Convert 112 (base 15) to base 16.
f2
Convert b60 (base 13) to base 7.
5435
What is -467 (base 15) in base 16?
-3e5
22a (base 12) to base 4
11002
1332023 (base 4) to base 6
101215
Convert 1303 (base 6) to base 5.
2302
5adb (base 14) to base 5
1001443
-57722 (base 9) to base 16
-965f
Convert 1230320 (base 4) to base 11.
5265
-1947 (base 12) to base 16
-c07
24 (base 9) to base 13
19
Convert -8c1 (base 16) to base 2.
-100011000001
What is 1101100001111011 (base 2) in base 4?
31201323
What is 1aea (base 16) in base 9?
10405
What is 3b0 (base 13) in base 9?
802
What is 4173 (base 9) in base 8?
5767
Convert 6040 (base 14) to base 15.
4d65
228 (base 15) to base 10
488
133421 (base 5) to base 8
12556
What is 513450 (base 6) in base 4?
22000212
Convert 231414 (base 8) to base 13.
29a16
What is -2034 (base 5) in base 7?
-533
1111 (base 9) to base 5
11240
Convert 1672 (base 15) to base 5.
123312
Convert -6219 (base 11) to base 7.
-33022
-352413 (base 6) to base 2
-111011010111001
Convert -14243 (base 7) to base 10.
-3902
What is d (base 14) in base 12?
11
321113 (base 4) to base 3
12000222
Convert 112102112 (base 3) to base 6.
120405
102df (base 16) to base 5
4110041
Convert -220120 (base 6) to base 14.
-68b6
What is 2042 (base 6) in base 15?
208
What is -3cb (base 15) in base 5?
-11431
-1455 (base 8) to base 11
-67a
What is -83431 (base 9) in base 16?
-d6f3
101011011110 (base 2) to base 14
102a
Convert 3257 (base 13) to base 6.
52225
What is 44004 (base 9) in base 7?
151012
What is 1ba (base 14) in base 5?
2420
What is 52a (base 13) in base 2?
1101110001
Convert 10010111000 (base 2) to base 5.
14313
-565 (base 12) to base 11
-665
-923 (base 11) to base 14
-598
Convert -22535 (base 6) to base 3.
-11102112
Convert -834f (base 16) to base 3.
-1201010000
27506 (base 8) to base 14
45a6
Convert 111 (base 12) to base 14.
b3
What is -1100 (base 8) in base 2?
-1001000000
Convert 1010 (base 6) to base 11.
192
What is 10100111000 (base 2) in base 15?
5e1
What is 1160 (base 7) in base 15?
1de
What is 2239 (base 12) in base 2?
111011001101
What is -24430 (base 11) in base 8?
-104463
What is -6446 (base 8) in base 15?
-ee6
a98 (base 14) to base 4
200232
200 (base 4) to base 8
40
-339 (base 16) to base 4
-30321
Convert 1152 (base 14) to base 9.
4116
Convert -2925 (base 13) to base 15.
-1b66
20212010 (base 3) to base 13
2376
-112d (base 16) to base 3
-20000212
1030 (base 11) to base 12
958
What is 7a1 (base 11) in base 10?
958
74763 (base 8) to base 5
1444334
Convert -7759 (base 10) to base 9.
-11571
Convert -2999 (base 10) to base 11.
-2287
What is -521 (base 6) in base 9?
-234
Convert -1111101001 (base 2) to base 14.
-517
What is -80a (base 13) in base 4?
-111102
2299 (base 10) to base 6
14351
What is 15336 (base 7) in base 4?
1003002
What is -1032 (base 8) in base 11?
-44a
-330535 (base 6) to base 13
-c632
-4332 (base 5) to base 10
-592
-167 (base 15) to base 9
-387
Convert 20223 (base 4) to base 15.
270
Convert -4005 (base 9) to base 12.
-1835
-263 (base 10) to base 6
-1115
What is 20123303 (base 4) in base 13?
12956
Convert c91 (base 13) to base 9.
2844
What is -c621 (base 14) in base 3?
-1201211012
c8b (base 13) to base 16
85f
Convert 6 (base 14) to base 7.
6
-10101101110 (base 2) to base 6
-10234
-10222 (base 4) to base 9
-361
-305 (base 14) to base 12
-415
Convert -110011000 (base 2) to base 10.
-408
c85 (base 14) to base 5
34334
What is 4301 (base 6) in base 13?
59b
What is 19276 (base 10) in base 4?
10231030
What is -66c5 (base 13) in base 14?
-5337
What is -10a (base 13) in base 6?
-455
What is 1014032 (base 5) in base 13?
782a
Convert 21303 (base 4) to base 6.
2523
What is -27 (base 12) in base 7?
-43
What is -b4 (base 13) in base 10?
-147
What is 14316 (base 7) in base 6?
30113
14d7 (base 16) to base 9
7277
1206 (base 8) to base 2
1010000110
Convert 9540 (base 14) to base 6.
315044
Convert 3003 (base 4) to base 11.
168
a (base 11) to base 12
a
-2166 (base 15) to base 11
-5349
Convert -3778 (base 9) to base 11.
-2139
Convert 22311333 (base 4) to base 14.
12287
Convert -17510 (base 9) to base 3.
-121120100
What is 358 (base 16) in base 12?
5b4
Convert -391 (base 12) to base 13.
-328
-21230 (base 4) to base 6
-2512
Convert -12024 (base 5) to base 14.
-477
What is -8bc (base 16) in base 2?
-100010111100
What is -2236 (base 9) in base 10?
-1653
What is -6404 (base 8) in base 5?
-101312
Convert 13774 (base 9) to base 14.
35c2
Convert -8cb1 (base 13) to base 15.
-5cb8
What is -2554 (base 9) in base 13?
-b41
1020 (base 9) to base 14
3b5
-35 (base 9) to base 2
-100000
What is 5053 (base 6) in base 14?
597
-181 (base 11) to base 14
-110
What is -14a46 (base 11) in base 5?
-1134400
-12123 (base 5) to base 8
-1621
What is 16993 (base 11) in base 9?
35604
-2a8 (base 13) to base 2
-111011100
What is -1041430 (base 5) in base 13?
-8489
-2224 (base 5) to base 9
-378
What is -1241 (base 5) in base 14?
-100
Convert 271 (base 11) to base 12.
228
Convert -12c64 (base 14) to base 10.
-46344
222333 (base 4) to base 9
3686
What is -870 (base 9) in base 16?
-2c7
378 (base 10) to base